?
7
Let c be (12/(-8))/(3/(-4)). Suppose -c*r + 2*s = -2, 0 = 5*r - 10*r - s + 23. List the prime factors of r.
2
Let y be 0 + (-4)/(-2)*1. Suppose -4*t - 20 = 4*k, y*k - 4*k = 6. Let n = t + 14. What are the prime factors of n?
2, 3
Suppose 0*x - 4*x + 20 = 0. Let h = 3 - 4. Let y = x - h. What are the prime factors of y?
2, 3
Suppose m - 1 + 10 = 0. Let t be ((-3)/2)/((-2)/4). List the prime factors of (m/(-6))/(t/12).
2, 3
Suppose -4*o - 44 = 2*k, -4*k = 4 + 4. Let r be ((-12)/9 - -1)*-3. List the prime factors of 0 + -1 + r - o.
2, 5
Let i(w) = w**3 - 12*w**2 + 12*w - 8. Let a be i(11). Suppose 25 + 35 = a*o. List the prime factors of o.
2, 5
Suppose r + 4*f - 11 - 24 = 0, 2*r - 5*f = 44. What are the prime factors of r?
3
Let v(l) = -3*l + 6. Let p(j) = 1. Let t(o) = -3*p(o) + v(o). What are the prime factors of t(-3)?
2, 3
Let y = -8 + 8. Let v = 37 - y. What are the prime factors of v?
37
Suppose 0 = 2*v - 6 - 2. Suppose -v*s + 8*s - 24 = 0. Suppose -35 = d - s*d. What are the prime factors of d?
7
Suppose 0 = p + 3*n - 71, -4*p + 0*p = 3*n - 239. What are the prime factors of p?
2, 7
Let g be (-28)/(-3) - (-3)/(-9). List the prime factors of (6/g)/((-2)/(-27)).
3
Let u be -3 - 1/((-3)/15). Let j(v) = -5*v - 1. Let t be j(-1). Suppose p = u*p - t. List the prime factors of p.
2
Let o be (-4)/12 + (-46)/6. Let h be 12/(-3)*6/o. Suppose -5*i + 35 = 5*l, -8*i - l = -h*i - 15. What are the prime factors of i?
2
Let u be (0 + 1)/((-2)/(-10)). Suppose 2*z - a - 14 = 6, -u*z - 5*a + 20 = 0. List the prime factors of z.
2
Let z(w) = -w**3 - 4*w**2 + 5*w - 2. Let v be z(-5). Let t be 105/28 + v/(-8). Suppose -b + t - 1 = 0. What are the prime factors of b?
3
Let n be 226/6 + 6/(-9). Let m = n - 13. Suppose -m = -5*x + 6. List the prime factors of x.
2, 3
Suppose 0*i = 3*i + 9. Let x be (1/(i/(-18)))/(-1). Let f(s) = -3*s + 1. What are the prime factors of f(x)?
19
Let x = -4 + 5. Let i be -3*(6/(-9))/x. Suppose -b + 17 = 2*z, -5*z + i = -2*b - 0*b. List the prime factors of b.
3
Let f be 1 - 7/(14/(-48)). Let d = -14 + f. Let b = 6 + d. List the prime factors of b.
17
Let i(u) = 4*u + 169. List the prime factors of i(0).
13
Suppose 0 = -4*w - 0*c - c + 10, 0 = -4*c - 8. Suppose -j + 2*n = 7, -9 = 3*j + n - w*n. Let g = 9 + j. List the prime factors of g.
2
Let v = 93 - -185. What are the prime factors of v?
2, 139
Suppose 2*q + 16 = -j, -5*q - 36 - 4 = -4*j. Let t = q + 13. Suppose 8 + 42 = t*l. List the prime factors of l.
2, 5
Let b(c) = -c**2 - 14*c - 13. Let a be b(-12). Let r(x) = -5*x + 18. Let z(v) = -14*v + 53. Let q(m) = -11*r(m) + 4*z(m). List the prime factors of q(a).
3
Suppose -2*a + 10 = 2. Suppose a*s - 16 = -2*d, -s - 32 = -3*d + s. Let b = d + -6. What are the prime factors of b?
2
Let h(y) = y**2 + 3*y - 10. List the prime factors of h(-10).
2, 3, 5
Let g(s) = 47*s**2 + s + 1. Let c be g(-1). Let o = c - 16. List the prime factors of o.
31
Let x(m) = 4*m**3 + 7*m**2 + 8*m + 1. Let d(q) = 3*q**3 + 7*q**2 + 8*q + 2. Let o(z) = -3*d(z) + 2*x(z). List the prime factors of o(-6).
2
Let o be -1 - -5 - (-3 - -4). Let h(k) = o*k**2 + 2 - 3 - 2*k**2 + 4*k. What are the prime factors of h(-6)?
11
Let d(a) = -10*a - 3. Let c be d(-9). Suppose -i - 4*y = 12, -5*i + 27 = 4*y + c. What are the prime factors of (8/12)/((-2)/i)?
2
Let c = 1 - 3. List the prime factors of (3 - 2)*13 - c.
3, 5
Let z(y) = -11*y**3 + 3*y**2 + y - 1. What are the prime factors of z(-2)?
97
Suppose -3*c + 277 = -419. List the prime factors of c.
2, 29
Suppose -10*c + 6*c = 64. Let y = c + 18. What are the prime factors of y?
2
Let d(z) = -z**3 - 4*z**2 + 4*z + 9. What are the prime factors of d(-5)?
2, 7
Suppose 10*u - 337 = 183. What are the prime factors of u?
2, 13
Let u = 11 + 5. What are the prime factors of -1*(u - -1)*-1?
17
Suppose 0 = -9*h + 4*h + 1010. Suppose 134 = 4*n - h. Suppose -n = -4*j - 0*j. List the prime factors of j.
3, 7
Suppose 2*u - u - 20 = 0. What are the prime factors of u?
2, 5
Let o = -14 - -51. What are the prime factors of o?
37
Let u(p) = p**2 - 5*p - 3. Let q be u(-5). Suppose -l + q = -0*l. Suppose 0 = -3*i - 2*b + l, -i - 2*b + 21 = -0*b. What are the prime factors of i?
13
Let f be 2/(2/(-12)*-2). What are the prime factors of (-3)/f*-2 + 9?
2, 5
Let t(o) = -8*o - 22. Let k be t(-3). Let z be 676/14 + (-2)/7. Suppose d - z = -k*d. What are the prime factors of d?
2
Let l = 0 + 2. Let f(p) = p + 1. Let s be f(l). Suppose s*c - 40 = -4. What are the prime factors of c?
2, 3
Let o = -2 - 2. Let k = o - -2. What are the prime factors of 86/8 - k/8?
11
Suppose -4*f = 2*u - 172, 66 = f - 3*u + 9. Suppose 3*p - f = -0*p. What are the prime factors of p?
3, 5
Suppose -235 = -4*s - d, 2*d - 63 = -s + 6*d. List the prime factors of s.
59
Suppose -3*v = 0, 5*v - 3 = -2*s + s. Suppose -s*u = 5*t - 196, -5*t = -0*t - 4*u - 217. What are the prime factors of t?
41
Suppose 2*c = -4*w + 132, w = 5*c + 2 + 9. List the prime factors of w.
31
Let x = -18 - -16. List the prime factors of -4 + (x - -2 - -51).
47
Let c(l) = -3*l - 19. Let w be c(-8). Suppose 0 = -w*q - 114 + 279. What are the prime factors of q?
3, 11
What are the prime factors of 2/(-5) + 304/10?
2, 3, 5
Let t = 58 + -34. What are the prime factors of t?
2, 3
Let f be (-38)/(-2)*(0 - -1). Suppose -k + 4 = 13. Let m = f + k. List the prime factors of m.
2, 5
Let t be -3 - (-1)/(1/(-2)). Let u = t - -10. Suppose k - 5*k - 3*o + 28 = 0, u*k - 4*o = 35. List the prime factors of k.
7
Let d(f) = -117*f - 3. What are the prime factors of d(-2)?
3, 7, 11
Let o(p) = -p**2 - 13*p + 4. Let k be 402/(-33) - 8/(-44). What are the prime factors of o(k)?
2
Suppose -7*r + 128 = -3*r. List the prime factors of r.
2
Let h(w) be the second derivative of w**3/6 + 3*w**2 + 6*w. List the prime factors of h(5).
11
Let g(p) = 10*p**2 - p - 8. What are the prime factors of g(5)?
3, 79
Let p(y) = 2*y**2 + 0*y - 2*y - y**2 - 1. Let u = 6 + -2. What are the prime factors of p(u)?
7
Suppose 0 = -0*z + 3*z - 906. What are the prime factors of z?
2, 151
Let t(k) = -k**2 + k + 1. Let j(r) = r**2 - r - 2. Let c(a) = 3*j(a) + 2*t(a). List the prime factors of c(-4).
2
Let x = -24 - -58. Let v = -20 + x. What are the prime factors of v?
2, 7
Suppose 3*u + 4*x + 99 = 349, -5*x + 415 = 5*u. List the prime factors of u.
2, 41
Let o(u) = u**3 - 3*u**2 - 5*u + 9. What are the prime factors of o(4)?
5
Let c = -6 + 9. Suppose -4 = 2*z + a, -20 = -3*z + c*a + 2*a. Suppose -26 = -z*g - 2*g. List the prime factors of g.
13
Suppose -4*v = -5*m + 4, 4*v + 2*m + 3 = -1. Let h = v + 4. What are the prime factors of h?
3
Suppose -9*s = -8*s - 75. Let f(m) = m**3 + 4*m**2 - 2*m - 5. Let p be f(-4). Suppose 0 = -p*j - 2*j + s. What are the prime factors of j?
3, 5
Let i be 18/(-5)*15/(-6). Suppose -t + 3*g = 4*g - i, t = 5*g - 9. Suppose t*y - y = 60. What are the prime factors of y?
2, 3
Suppose -5*j - 3*y = -21, 5*y - 23 = -5*j + y. Suppose -5 = j*a - 53. What are the prime factors of a?
2
Suppose -n - 5 = 2*r, -3*r = 2*n + 2*n - 5. Suppose 0 = -s + n*w - 17, -w = 5*s - 20 + 1. List the prime factors of s.
3
Let i(c) = -c**2 + 12*c - 4. List the prime factors of i(5).
31
Let q = -467 - -827. What are the prime factors of q?
2, 3, 5
Let h(t) = -2*t**3 - 4*t**2 + 3*t**3 + 2*t + 0*t. What are the prime factors of h(4)?
2
Suppose -4*g - 16 = -228. List the prime factors of g.
53
Suppose 0 = 4*z - 8, -4 = -5*j - 3*z + z. Let f = -46 + 68. Suppose j*l + 2*l + f = o, 4*o = 3*l + 63. What are the prime factors of o?
2, 3
Let w(q) = -q - 1. Let r(a) = -1 + 10*a + a**3 + 6*a**2 + 2 + 2. Let j(h) = -r(h) - 5*w(h). What are the prime factors of j(-5)?
2
Let u(t) = -t**3 - 11*t**2 - 8*t - 19. List the prime factors of u(-11).
3, 23
Let y(l) = 43*l**2 + l - 1. What are the prime factors of y(1)?
43
Suppose -2*i - 3*i + 65 = 0. Let d = -6 + i. Suppose 64 = d*n - 3*n. List the prime factors of n.
2
Let v be 8/28 - 38/(-14). Suppose 0*a = v*a - 18. What are the prime factors of a?
2, 3
Suppose 0 = -2*d - h - 2*h + 18, -32 = -4*d - 5*h. Suppose -d*q - i = -3*i - 7, 3*i = -2*q + 9. List the prime factors of q.
3
Let c = 2 - 2. Let q(i) = c + i**2 - 3 - 2*i + i. What are the prime factors of q(-3)?
3
Suppose -4*u = -3*u - 2. Let q = 1 + u. Suppose